{"id":63,"date":"2019-04-08T06:58:15","date_gmt":"2019-04-08T06:58:15","guid":{"rendered":"http:\/\/PLUSBUS-steenbergen.nl\/?page_id=63"},"modified":"2025-06-27T10:17:34","modified_gmt":"2025-06-27T10:17:34","slug":"reserveren","status":"publish","type":"page","link":"https:\/\/PLUSBUS-steenbergen.nl\/?page_id=63","title":{"rendered":"Reserveren"},"content":{"rendered":"\n<p><strong>De PLUSBUS reserveren bellen naar&nbsp;<\/strong><strong>0167 54 11 38<\/strong><\/p>\n\n\n\n<p>Minimaal \u00e9\u00e9n dagdeel van te voren belt u (maandag t\/m vrijdag) tussen 09:00 en 11:00 uur.<br>Als u gebruik maakt van een rollator, (elektrische) rolstoel is het verstandig om dit te melden, zodat u zeker bent van uw plaats in de plusbus.<br>Wacht s.v.p. niet tot het laatste moment met bellen, dit om teleurstelling voor uzelf te voorkomen.<br>Vaste afspraken zoals bijvoorbeeld naar een fysiotherapeut of kaartmiddag kunnen voor langere termijn worden ingepland, zodat u niet steeds opnieuw hoeft te reserveren.\u00a0<\/p>\n\n\n\n<p>Als een afspraak niet doorgaat moet u zich natuurlijk wel afmelden op bovenstaand telefoonnummer<\/p>\n\n\n\n<p><strong>Wanneer rijdt de PLUSBUS<\/strong><\/p>\n\n\n\n<p>Wij rijden op werkdagen van 09.00 tot 17.00 uur.&nbsp;U dient er rekening mee te houden dat de bus 15 minuten v\u00f3\u00f3r of n\u00e1 de gemaakte afspraak bij u kan zijn.<br>Heeft u een afspraak met een arts, fysiotherapeut of tandarts wilt u dit dan melden bij de centrale. Deze afspraken hebben altijd voorrang bij het indelen van de route van de plusbus.<br>Maar ook hier geldt: wacht niet tot het laatste moment om de plusbus te reserveren,<\/p>\n\n\n\n<p><strong>Kernen<\/strong><\/p>\n\n\n\n<p>De Gemeente Steenbergen is voor de plusbus verdeeld in 4 kernen, te weten Steenbergen, met Welberg, Dinteloord, Kruisland en Nieuw Vossemeer, met De Heen en Heensche Molen.&nbsp;<br><br><strong>Wat kost een rit&nbsp; met de PLUSBUS<\/strong><\/p>\n\n\n\n<p>Reizen binnen een van de 4 kernen kost u 2 euro enkele reis, voor een retour betaalt u 4 euro.<br>We hanteren dus 1 tarief voor de hele gemeente Steenbergen.<\/p>\n\n\n\n<p>De 11-rittenkaart voor een enkele reis, kost u de prijs van 10 ritten, nl. 20,00 euro. <\/p>\n\n\n\n<p><strong>Groepen<\/strong><\/p>\n\n\n\n<p>Voor groepen is het ook mogelijk de plusbus te reserveren. Uiteraard is dit alleen voor onze doelgroepen ouderen en personen met (tijdelijke) beperking en het reizen binnen onze gemeentegrenzen.<br>Voor groepen is het soms mogelijk af te wijken van de reguliere tijden en dagen.<br>Wilt u hier meer van weten bel dan eens met&nbsp;<strong>0167<\/strong>&nbsp;<strong>54 11 38<\/strong>&nbsp;&nbsp;en bel vooral vroegtijdig.<br>Houd er s.v.p. rekening mee, dat afhankelijk van het reisdoel, de reisdag en het tijdstip er een toeslag berekend kan worden op de normale tarieven.<\/p>\n","protected":false},"excerpt":{"rendered":"<p>De PLUSBUS reserveren bellen naar&nbsp;0167 54 11 38 Minimaal \u00e9\u00e9n dagdeel van te voren belt u (maandag t\/m vrijdag) tussen 09:00 en 11:00 uur.Als u gebruik maakt van een rollator, (elektrische) rolstoel is het verstandig om dit te melden, zodat u zeker bent van uw plaats in de plusbus.Wacht s.v.p. niet tot het laatste moment [&hellip;]<\/p>\n","protected":false},"author":1,"featured_media":0,"parent":0,"menu_order":0,"comment_status":"closed","ping_status":"closed","template":"","meta":{"_uag_custom_page_level_css":"","footnotes":""},"class_list":["post-63","page","type-page","status-publish","hentry"],"uagb_featured_image_src":{"full":false,"thumbnail":false,"medium":false,"medium_large":false,"large":false,"1536x1536":false,"2048x2048":false},"uagb_author_info":{"display_name":"PlusStb","author_link":"https:\/\/PLUSBUS-steenbergen.nl\/?author=1"},"uagb_comment_info":0,"uagb_excerpt":"De PLUSBUS reserveren bellen naar&nbsp;0167 54 11 38 Minimaal \u00e9\u00e9n dagdeel van te voren belt u (maandag t\/m vrijdag) tussen 09:00 en 11:00 uur.Als u gebruik maakt van een rollator, (elektrische) rolstoel is het verstandig om dit te melden, zodat u zeker bent van uw plaats in de plusbus.Wacht s.v.p. niet tot het laatste moment&hellip;","_links":{"self":[{"href":"https:\/\/PLUSBUS-steenbergen.nl\/index.php?rest_route=\/wp\/v2\/pages\/63","targetHints":{"allow":["GET"]}}],"collection":[{"href":"https:\/\/PLUSBUS-steenbergen.nl\/index.php?rest_route=\/wp\/v2\/pages"}],"about":[{"href":"https:\/\/PLUSBUS-steenbergen.nl\/index.php?rest_route=\/wp\/v2\/types\/page"}],"author":[{"embeddable":true,"href":"https:\/\/PLUSBUS-steenbergen.nl\/index.php?rest_route=\/wp\/v2\/users\/1"}],"replies":[{"embeddable":true,"href":"https:\/\/PLUSBUS-steenbergen.nl\/index.php?rest_route=%2Fwp%2Fv2%2Fcomments&post=63"}],"version-history":[{"count":9,"href":"https:\/\/PLUSBUS-steenbergen.nl\/index.php?rest_route=\/wp\/v2\/pages\/63\/revisions"}],"predecessor-version":[{"id":718,"href":"https:\/\/PLUSBUS-steenbergen.nl\/index.php?rest_route=\/wp\/v2\/pages\/63\/revisions\/718"}],"wp:attachment":[{"href":"https:\/\/PLUSBUS-steenbergen.nl\/index.php?rest_route=%2Fwp%2Fv2%2Fmedia&parent=63"}],"curies":[{"name":"wp","href":"https:\/\/api.w.org\/{rel}","templated":true}]}}